 remainder when 4189 is divided by 321.
16
What is the remainder when 6916 is divided by 1157?
1131
What is the remainder when 73850 is divided by 3516?
14
Calculate the remainder when 94900 is divided by 513.
508
What is the remainder when 563891 is divided by 822?
821
Calculate the remainder when 2342 is divided by 296.
270
Calculate the remainder when 76280 is divided by 1816.
8
Calculate the remainder when 38401 is divided by 102.
49
Calculate the remainder when 67207 is divided by 67183.
24
Calculate the remainder when 208 is divided by 149.
59
What is the remainder when 46721 is divided by 4672?
1
What is the remainder when 480 is divided by 464?
16
What is the remainder when 1052 is divided by 175?
2
What is the remainder when 61356 is divided by 30549?
258
Calculate the remainder when 168361 is divided by 1194.
7
Calculate the remainder when 5428 is divided by 18.
10
What is the remainder when 21329 is divided by 394?
53
What is the remainder when 477 is divided by 16?
13
Calculate the remainder when 71157 is divided by 23693.
78
Calculate the remainder when 503369 is divided by 47.
46
Calculate the remainder when 52258 is divided by 186.
178
What is the remainder when 2372 is divided by 754?
110
What is the remainder when 3284 is divided by 365?
364
Calculate the remainder when 616402 is divided by 78.
46
What is the remainder when 36353 is divided by 596?
593
Calculate the remainder when 5938 is divided by 92.
50
Calculate the remainder when 138060 is divided by 96.
12
Calculate the remainder when 723704 is divided by 258.
14
Calculate the remainder when 9965 is divided by 250.
215
Calculate the remainder when 117999 is divided by 284.
139
Calculate the remainder when 13627 is divided by 142.
137
What is the remainder when 40782 is divided by 70?
42
What is the remainder when 5720 is divided by 131?
87
What is the remainder when 5411 is divided by 132?
131
Calculate the remainder when 49745 is divided by 1913.
7
What is the remainder when 30065 is divided by 1877?
33
Calculate the remainder when 338 is divided by 11.
8
Calculate the remainder when 117246 is divided by 5097.
15
What is the remainder when 1508743 is divided by 824?
823
Calculate the remainder when 4177 is divided by 11.
8
Calculate the remainder when 8640 is divided by 8620.
20
What is the remainder when 2258914 is divided by 282364?
2
What is the remainder when 1589759 is divided by 16?
15
Calculate the remainder when 16834 is divided by 94.
8
What is the remainder when 2055 is divided by 191?
145
What is the remainder when 38392 is divided by 30?
22
Calculate the remainder when 46166 is divided by 97.
91
What is the remainder when 1422 is divided by 598?
226
Calculate the remainder when 5505 is divided by 545.
55
What is the remainder when 205818 is divided by 2?
0
What is the remainder when 1556 is divided by 20?
16
Calculate the remainder when 1951 is divided by 647.
10
Calculate the remainder when 189478 is divided by 89.
86
What is the remainder when 27682 is divided by 9223?
13
Calculate the remainder when 1618 is divided by 556.
506
What is the remainder when 41682 is divided by 218?
44
Calculate the remainder when 284 is divided by 145.
139
Calculate the remainder when 1690643 is divided by 651.
647
What is the remainder when 153519 is divided by 595?
9
What is the remainder when 2219 is divided by 2177?
42
Calculate the remainder when 1162 is divided by 579.
4
Calculate the remainder when 538863 is divided by 134715.
3
Calculate the remainder when 66288 is divided by 57.
54
Calculate the remainder when 84371 is divided by 219.
56
Calculate the remainder when 2586 is divided by 52.
38
What is the remainder when 20443 is divided by 1395?
913
What is the remainder when 14235 is divided by 2308?
387
Calculate the remainder when 119411 is divided by 34.
3
Calculate the remainder when 1072653 is divided by 357550.
3
Calculate the remainder when 5187 is divided by 5167.
20
Calculate the remainder when 2366978 is divided by 385.
383
What is the remainder when 26976 is divided by 216?
192
What is the remainder when 2476797 is divided by 900?
897
What is the remainder when 54760 is divided by 2378?
66
Calculate the remainder when 76152 is divided by 43.
42
Calculate the remainder when 38058 is divided by 19001.
56
Calculate the remainder when 23308 is divided by 1940.
28
Calculate the remainder when 71149 is divided by 3386.
43
What is the remainder when 1328 is divided by 29?
23
Calculate the remainder when 32578 is divided by 2960.
18
What is the remainder when 1207 is divided by 561?
85
What is the remainder when 15457 is divided by 771?
37
Calculate the remainder when 5055 is divided by 837.
33
What is the remainder when 41541 is divided by 4?
1
Calculate the remainder when 5234 is divided by 406.
362
What is the remainder when 1959 is divided by 1218?
741
Calculate the remainder when 45465 is divided by 7575.
15
What is the remainder when 61560 is divided by 112?
72
What is the remainder when 28188 is divided by 209?
182
What is the remainder when 42147 is divided by 82?
81
What is the remainder when 12461 is divided by 284?
249
What is the remainder when 60799 is divided by 50?
49
What is the remainder when 33654 is divided by 1161?
1146
What is the remainder when 401 is divided by 31?
29
Calculate the remainder when 52077 is divided by 372.
369
Calculate the remainder when 10587722 is divided by 196.
194
Calculate the remainder when 10243 is divided by 285.
268
Calculate the remainder when 7797 is divided by 2547.
156
What is the remainder when 13039 is divided by 1401?
430
What is the remainder when 3330 is divided by 610?
280
What is the remainder when 11810 is divided by 5731?
348
Calculate the remainder when 920 is divided by 3.
2
What is the remainder when 3713 is divided by 3665?
48
What is the remainder when 9498 is divided by 1899?
3
Calculate the remainder when 76458 is divided by 481.
460
Calculate the remainder when 2353690 is divided by 12.
10
Calculate the remainder when 33668 is divided by 43.
42
Calculate the remainder when 19313 is divided by 19.
9
What is the remainder when 17601 is divided by 46?
29
What is the remainder when 42842 is divided by 12?
2
Calculate the remainder when 192617 is divided by 33.
29
What is the remainder when 5779 is divided by 1873?
160
Calculate the remainder when 164498 is divided by 140.
138
What is the remainder when 163110 is divided by 5623?
43
What is the remainder when 3895 is divided by 1394?
1107
What is the remainder when 24187 is divided by 205?
202
Calculate the remainder when 9724 is divided by 44.
0
Calculate the remainder when 80904 is divided by 13482.
12
Calculate the remainder when 2954 is divided by 17.
13
What is the remainder when 2231 is divided by 474?
335
Calculate the remainder when 1224 is divided by 7.
6
Calculate the remainder when 709 is divided by 404.
305
Calculate the remainder when 135 is divided by 66.
3
Calculate the remainder when 1768701 is divided by 1316.
1313
Calculate the remainder when 5388 is divided by 257.
248
What is the remainder when 49399 is divided by 30?
19
What is the remainder when 14335 is divided by 112?
111
What is the remainder when 5397 is divided by 894?
33
What is the remainder when 16425 is divided by 5474?
3
What is the remainder when 4867 is divided by 2429?
9
What is the remainder when 36772 is divided by 3324?
208
Calculate the remainder when 3641 is divided by 192.
185
Calculate the remainder when 21680 is divided by 13.
9
What is the remainder when 1774 is divided by 33?
25
Calculate the remainder when 5896 is divided by 1656.
928
What is the remainder when 6453 is divided by 650?
603
Calculate the remainder when 32005 is divided by 23.
12
Calculate the remainder when 934 is divided by 153.
16
What is the remainder when 1621646 is divided by 24?
14
What is the remainder when 3660 is divided by 272?
124
What is the remainder when 951122 is divided by 4082?
16
What is the remainder when 789 is divided by 328?
133
What is the remainder when 105903 is divided by 3416?
7
What is the remainder when 1259 is divided by 491?
277
What is the remainder when 1823443 is divided by 13?
11
What is the remainder when 47594 is divided by 6796?
22
What is the remai